{"id":15,"date":"2023-01-31T16:13:09","date_gmt":"2023-01-31T16:13:09","guid":{"rendered":"https:\/\/adalassociation.org\/colloqueadal2024\/?page_id=15"},"modified":"2024-01-08T14:17:02","modified_gmt":"2024-01-08T14:17:02","slug":"inicio","status":"publish","type":"page","link":"https:\/\/adalassociation.org\/colloqueadal2024\/inicio\/","title":{"rendered":"Inicio"},"content":{"rendered":"\n<figure class=\"wp-block-image size-large\"><img loading=\"lazy\" decoding=\"async\" width=\"724\" height=\"1024\" src=\"https:\/\/adalassociation.org\/colloqueadal2024\/wp-content\/uploads\/2024\/01\/Colloque-ADAL-2024-724x1024.jpg\" alt=\"Colloque ADAL 2024\" class=\"wp-image-557\" srcset=\"https:\/\/adalassociation.org\/colloqueadal2024\/wp-content\/uploads\/2024\/01\/Colloque-ADAL-2024-724x1024.jpg 724w, https:\/\/adalassociation.org\/colloqueadal2024\/wp-content\/uploads\/2024\/01\/Colloque-ADAL-2024-212x300.jpg 212w, https:\/\/adalassociation.org\/colloqueadal2024\/wp-content\/uploads\/2024\/01\/Colloque-ADAL-2024-768x1086.jpg 768w, https:\/\/adalassociation.org\/colloqueadal2024\/wp-content\/uploads\/2024\/01\/Colloque-ADAL-2024-1086x1536.jpg 1086w, https:\/\/adalassociation.org\/colloqueadal2024\/wp-content\/uploads\/2024\/01\/Colloque-ADAL-2024-1448x2048.jpg 1448w, https:\/\/adalassociation.org\/colloqueadal2024\/wp-content\/uploads\/2024\/01\/Colloque-ADAL-2024.jpg 1587w\" sizes=\"auto, (max-width: 724px) 100vw, 724px\" \/><figcaption class=\"wp-element-caption\">Colloque ADAL 2024<\/figcaption><\/figure>\n\n\n\n<h2 class=\"wp-block-heading\"><strong>Discursos institucionales y no institucionales en la Am\u00e9rica Latina contempor\u00e1n<\/strong><\/h2>\n\n\n\n<h2 class=\"wp-block-heading\"><strong>Decir el acontecimiento en tiempos de crisis<\/strong><\/h2>\n\n\n\n<p><strong>Coloquio internacional de la asociaci\u00f3n ADAL <\/strong><strong>(An\u00e1lisis de discursos de Am\u00e9rica Latina)<\/strong><\/p>\n\n\n\n<p><strong>Del 24 al 26 de enero de 2024<\/strong><\/p>\n\n\n\n<p>En Am\u00e9rica Latina, la segunda d\u00e9cada del 2000 ha sido testigo de la emergencia o exacerbaci\u00f3n de fen\u00f3menos clim\u00e1ticos, medioambientales y sanitarios cuyo efecto ha sido el de intensificar situaciones de tensi\u00f3n, derivadas de la brecha social, econ\u00f3mica y digital. Adem\u00e1s, la migraci\u00f3n transfronteriza se ha convertido en una realidad que afecta a todo el continente; es el caso de Venezuela, con seis millones de emigrantes en otros pa\u00edses latinoamericanos<a href=\"#_ftn1\" id=\"_ftnref1\">[1]<\/a>, o de Colombia<a href=\"#_ftn2\" id=\"_ftnref2\">[2]<\/a>, donde, seg\u00fan la cifras estatales, cinco millones de ciudadanos han abandonado su pa\u00eds<a href=\"#_ftn3\" id=\"_ftnref3\">[3]<\/a>. Todas las fronteras del continente se han visto afectadas por el aumento de los flujos migratorios &#8211; del Caribe y tambi\u00e9n de \u00c1frica-. Esto ha desembocado, entre otras cosas, en xenofobia entre los migrantes y la poblaci\u00f3n de los pa\u00edses de acogida. Tal situaci\u00f3n encuentra su g\u00e9nesis, no solamente, en derivas pol\u00edticas, tales como la impunidad y las violaciones de los derechos humanos, sino tambi\u00e9n en condiciones sociales, marcadas por la pobreza, la violencia, la precariedad laboral, y los discursos securitarios, negacionistas o xen\u00f3fobos que afectan a todo el subcontinente y generan una din\u00e1mica pol\u00edtica que oscila, a lo largo de dos d\u00e9cadas, entre la elecci\u00f3n de gobiernos denominados de izquierdas y de derechas.<\/p>\n\n\n\n<hr class=\"wp-block-separator has-alpha-channel-opacity\"\/>\n\n\n\n<p class=\"has-small-font-size\"><a href=\"#_ftnref1\" id=\"_ftn1\">[1]<\/a> Cifras al mes de diciembre de 2022&nbsp;: <a href=\"https:\/\/www.imf.org\/es\/News\/Articles\/2022\/12\/06\/cf-venezuelas-migrants-bring-economic-opportunity-to-latin-america\">https:\/\/www.imf.org\/es\/News\/Articles\/2022\/12\/06\/cf-venezuelas-migrants-bring-economic-opportunity-to-latin-america<\/a> &nbsp;<\/p>\n\n\n\n<p class=\"has-small-font-size\"><a href=\"#_ftnref2\" id=\"_ftn2\">[2]<\/a> <a href=\"https:\/\/www.oecd-ilibrary.org\/sites\/3894985a-fr\/index.html?itemId=\/content\/component\/3894985a-fr#indicator-d1e59446\">https:\/\/www.oecd-ilibrary.org\/sites\/3894985a-fr\/index.html?itemId=\/content\/component\/3894985a-fr#indicator-d1e59446 <\/a>&nbsp;<\/p>\n\n\n\n<p class=\"has-small-font-size\"><a href=\"#_ftnref3\" id=\"_ftn3\">[3]<\/a> Las cifras para Colombia oscilan entre 5 y 8 millones de colombianos que viven en el extranjero. Fuente: Congreso de la Rep\u00fablica de Colombia. <a href=\"https:\/\/www.camara.gov.co\/presupuesto-y-censo-necesarios-para-atender-migrantes-colombianos\">https:\/\/www.camara.gov.co\/presupuesto-y-censo-necesarios-para-atender-migrantes-colombianos<\/a>&nbsp;&nbsp;<\/p>\n\n\n\n<p><a href=\"https:\/\/adalassociation.org\/colloqueadal2024\/convocatoria\/\">Convocatoria<\/a><\/p>\n\n\n\n<p class=\"has-small-font-size\"><\/p>\n","protected":false},"excerpt":{"rendered":"<p>Discursos institucionales y no institucionales en la Am\u00e9rica Latina contempor\u00e1n Decir el acontecimiento en tiempos de crisis Coloquio internacional de la asociaci\u00f3n ADAL (An\u00e1lisis de discursos de Am\u00e9rica Latina) Del 24 al 26 de enero de 2024 En Am\u00e9rica Latina, la segunda d\u00e9cada del 2000 ha sido testigo de la emergencia o exacerbaci\u00f3n de fen\u00f3menos &hellip; <\/p>\n<p class=\"link-more\"><a href=\"https:\/\/adalassociation.org\/colloqueadal2024\/inicio\/\" class=\"more-link\">Continue reading<span class=\"screen-reader-text\"> &#8220;Inicio&#8221;<\/span><\/a><\/p>\n","protected":false},"author":1,"featured_media":262,"parent":0,"menu_order":0,"comment_status":"closed","ping_status":"closed","template":"","meta":{"footnotes":""},"class_list":["post-15","page","type-page","status-publish","has-post-thumbnail","hentry"],"_links":{"self":[{"href":"https:\/\/adalassociation.org\/colloqueadal2024\/wp-json\/wp\/v2\/pages\/15","targetHints":{"allow":["GET"]}}],"collection":[{"href":"https:\/\/adalassociation.org\/colloqueadal2024\/wp-json\/wp\/v2\/pages"}],"about":[{"href":"https:\/\/adalassociation.org\/colloqueadal2024\/wp-json\/wp\/v2\/types\/page"}],"author":[{"embeddable":true,"href":"https:\/\/adalassociation.org\/colloqueadal2024\/wp-json\/wp\/v2\/users\/1"}],"replies":[{"embeddable":true,"href":"https:\/\/adalassociation.org\/colloqueadal2024\/wp-json\/wp\/v2\/comments?post=15"}],"version-history":[{"count":6,"href":"https:\/\/adalassociation.org\/colloqueadal2024\/wp-json\/wp\/v2\/pages\/15\/revisions"}],"predecessor-version":[{"id":580,"href":"https:\/\/adalassociation.org\/colloqueadal2024\/wp-json\/wp\/v2\/pages\/15\/revisions\/580"}],"wp:featuredmedia":[{"embeddable":true,"href":"https:\/\/adalassociation.org\/colloqueadal2024\/wp-json\/wp\/v2\/media\/262"}],"wp:attachment":[{"href":"https:\/\/adalassociation.org\/colloqueadal2024\/wp-json\/wp\/v2\/media?parent=15"}],"curies":[{"name":"wp","href":"https:\/\/api.w.org\/{rel}","templated":true}]}}