{"id":11,"date":"2018-03-20T19:48:12","date_gmt":"2018-03-20T19:48:12","guid":{"rendered":"http:\/\/colloqueadal2019\/?page_id=11"},"modified":"2022-02-22T14:30:48","modified_gmt":"2022-02-22T14:30:48","slug":"calendrier","status":"publish","type":"page","link":"https:\/\/adalassociation.org\/colloqueadal2019\/calendrier\/","title":{"rendered":"Calendrier"},"content":{"rendered":"<p><script type=\"text\/javascript\" src=\"https:\/\/addevent.com\/libs\/atc\/1.6.1\/atc.min.js\" async defer><\/script><\/p>\n<ul>\n<li style=\"color: grey;\"><del datetime=\"2018-05-30T08:41:03+00:00\"><strong>1<sup>er<\/sup> juin 2018 : <\/strong>envoi des propositions \u00e0 email colloque :<\/del><\/li>\n<li><del><span style=\"color: #808080;\"><strong>30 juin 2018 : <\/strong>envoi des propositions \u00e0 email colloque :<\/span><\/del><\/li>\n<\/ul>\n<p><a href=\"https:\/\/adalassociation.org\/association-adal\/contacts\">adalassociation.org contacts<\/a><\/p>\n<p>&nbsp;<\/p>\n<ul>\n<li><strong>Octobre 2018 : <\/strong>r\u00e9ponse aux propositions.<\/li>\n<\/ul>\n<p>&nbsp;<\/p>\n<ul>\n<li style=\"list-style-type: none;\">\n<ul>\n<li><strong>Octobre 2018 :<\/strong> ouverture des inscriptions.<\/li>\n<\/ul>\n<\/li>\n<\/ul>\n<p>&nbsp;<br \/>\n<!-- Button code --><\/p>\n<div class=\"addeventatc\" title=\"Ajouter au calendrier\">Ajouter au calendrier<br \/>\n<span class=\"start\">10\/01\/2018 08:00 AM<\/span><br \/>\n<span class=\"end\">10\/01\/2018 08:10 AM<\/span><br \/>\n<span class=\"timezone\">Paris\/France<\/span><br \/>\n<span class=\"title\">Ouverture des inscriptions au colloque ADAL https:\/\/adalassociation.org\/colloqueadal2019\/<\/span><br \/>\n<span class=\"description\">Colloque ADAL. Discours politiques et m\u00e9diatiques en Am\u00e9rique latine\u00a0: bilan du mill\u00e9naire<\/span><br \/>\n<span class=\"organizer\">ADAL &#8211; Analyse des discours de l\u2019Am\u00e9rique latine<\/span><br \/>\n<span class=\"organizer_email\"><a href=\"https:\/\/adalassociation.org\/association-adal\/contacts\">adalassociation.org contacts<\/a><\/span><br \/>\n<span class=\"location\">Universit\u00e9 de Lille<\/span><\/div>\n<p>&nbsp;<\/p>\n<ul>\n<li style=\"list-style-type: none;\">\n<ul>\n<li><strong> 6 au 8 f\u00e9vrier 2019\u00a0: <\/strong> d\u00e9roulement du colloque.<\/li>\n<\/ul>\n<\/li>\n<\/ul>\n<p>&nbsp;<br \/>\n<!-- Button code --><\/p>\n<div class=\"addeventatc\" title=\"Ajouter au calendrier\">Ajouter au calendrier<br \/>\n<span class=\"start\">02\/06\/2019 08:00 AM<\/span><br \/>\n<span class=\"end\">02\/08\/2019 06:00 PM<\/span><br \/>\n<span class=\"timezone\">Paris\/France<\/span><br \/>\n<span class=\"title\">Colloque ADAL https:\/\/adalassociation.org\/colloqueadal2019\/<\/span><br \/>\n<span class=\"description\">Colloque ADAL. Discours politiques et m\u00e9diatiques en Am\u00e9rique latine\u00a0: bilan du mill\u00e9naire<\/span><br \/>\n<span class=\"organizer\">ADAL &#8211; Analyse des discours de l\u2019Am\u00e9rique latine<\/span><br \/>\n<span class=\"organizer_email\"><a href=\"https:\/\/adalassociation.org\/association-adal\/contacts\">adalassociation.org contacts<\/a><\/span><br \/>\n<span id=\"cal\" class=\"location\">Universit\u00e9 de Lille<\/span><\/div>\n","protected":false},"excerpt":{"rendered":"<p>1er juin 2018 : envoi des propositions \u00e0 email colloque : 30 juin 2018 : envoi des propositions \u00e0 email colloque : adalassociation.org contacts &nbsp; Octobre 2018 : r\u00e9ponse aux propositions. &nbsp; Octobre 2018 : ouverture des inscriptions. &nbsp; Ajouter au calendrier 10\/01\/2018 08:00 AM 10\/01\/2018 08:10 AM Paris\/France Ouverture des inscriptions au colloque ADAL &hellip; <\/p>\n<p class=\"link-more\"><a href=\"https:\/\/adalassociation.org\/colloqueadal2019\/calendrier\/\" class=\"more-link\">Continue reading<span class=\"screen-reader-text\"> &#8220;Calendrier&#8221;<\/span><\/a><\/p>\n","protected":false},"author":1,"featured_media":90,"parent":0,"menu_order":0,"comment_status":"closed","ping_status":"closed","template":"","meta":{"footnotes":""},"class_list":["post-11","page","type-page","status-publish","has-post-thumbnail","hentry"],"_links":{"self":[{"href":"https:\/\/adalassociation.org\/colloqueadal2019\/wp-json\/wp\/v2\/pages\/11","targetHints":{"allow":["GET"]}}],"collection":[{"href":"https:\/\/adalassociation.org\/colloqueadal2019\/wp-json\/wp\/v2\/pages"}],"about":[{"href":"https:\/\/adalassociation.org\/colloqueadal2019\/wp-json\/wp\/v2\/types\/page"}],"author":[{"embeddable":true,"href":"https:\/\/adalassociation.org\/colloqueadal2019\/wp-json\/wp\/v2\/users\/1"}],"replies":[{"embeddable":true,"href":"https:\/\/adalassociation.org\/colloqueadal2019\/wp-json\/wp\/v2\/comments?post=11"}],"version-history":[{"count":17,"href":"https:\/\/adalassociation.org\/colloqueadal2019\/wp-json\/wp\/v2\/pages\/11\/revisions"}],"predecessor-version":[{"id":1201,"href":"https:\/\/adalassociation.org\/colloqueadal2019\/wp-json\/wp\/v2\/pages\/11\/revisions\/1201"}],"wp:featuredmedia":[{"embeddable":true,"href":"https:\/\/adalassociation.org\/colloqueadal2019\/wp-json\/wp\/v2\/media\/90"}],"wp:attachment":[{"href":"https:\/\/adalassociation.org\/colloqueadal2019\/wp-json\/wp\/v2\/media?parent=11"}],"curies":[{"name":"wp","href":"https:\/\/api.w.org\/{rel}","templated":true}]}}